, 3, 13
List the prime factors of ((-2670)/60)/((-2)/20).
5, 89
Suppose -2*g = 2*g + 8. Let l = -30 - -55. List the prime factors of (l/3 + g)*3.
19
Let s be (3 + -1)*(-2 - -4). Let a(q) = q**3 + 8*q**2 - 9*q + 4. Let u be a(-9). Suppose -r - r = s, -3*p - u*r = -40. What are the prime factors of p?
2
Suppose n + 17 = 5*s, s - 3 = -2*s + 3*n. Let w(i) = 3*i**2 - 4*i - 17. List the prime factors of w(s).
3, 5
Suppose 5*y - y - 12 = 0. Suppose -5*g + y = -292. Let h = 86 - g. What are the prime factors of h?
3
List the prime factors of 14/(-2)*(-86 - -7).
7, 79
Suppose 0 = -3*y - 4*r + 152, -2 = -r - 0*r. Suppose 0 = 3*f - 27 - y. What are the prime factors of f?
5
Suppose -k + 669 = -2*z + 33, z = -k + 642. What are the prime factors of k?
2, 5
Suppose 2*o + 2*o = -80. Let q be o - (3 - (-4)/(-1)). Let i = 42 + q. List the prime factors of i.
23
Let a = 144 - 148. What are the prime factors of (-359)/(-4) - a/16?
2, 3, 5
Suppose r + 8*r - 3924 = 0. Suppose 2*s + 10 = 0, 2*s + r = 3*c + 3*s. List the prime factors of c.
3, 7
Suppose -t - 84 - 68 = 0. Let m = t + 281. What are the prime factors of m?
3, 43
Suppose -4*l - 1617 = -15*l. What are the prime factors of l?
3, 7
Let q be 30/(-10) + (-6 - 1). Let o(u) = u**3 + 10*u**2 + u + 7. Let a be o(q). What are the prime factors of (2/a)/(2/(-84))?
2, 7
Let l = 8 + 228. Let b = -115 + l. List the prime factors of b.
11
What are the prime factors of (-201)/134 + (-2586)/(-4)?
3, 5, 43
Let s = -683 + 2814. List the prime factors of s.
2131
Let u(x) = -x**2 - 6*x - 2. Let r be u(-4). Let w be 24/18*81/r. Suppose 0 = -w*v + 14*v + 88. List the prime factors of v.
2, 11
Suppose -723*g + 730*g = 1470. List the prime factors of g.
2, 3, 5, 7
Let y(n) be the third derivative of -n**4/8 - n**3 - 5*n**2. Let q be y(5). Let a = 62 + q. What are the prime factors of a?
41
Suppose q - 190 = 4*z, 2*q = 2*z + 48 + 362. What are the prime factors of q?
2, 3, 5, 7
Let a(w) = w**3 + 13*w**2 + w. List the prime factors of a(-9).
3, 5, 7
Suppose 129*c - 297702 = 18*c. List the prime factors of c.
2, 3, 149
Suppose -3*m + 480 = -3849. List the prime factors of m.
3, 13, 37
List the prime factors of -2 - (-1 + -2) - (-4 + -862).
3, 17
List the prime factors of (38/(-3))/(158/(-8769)).
19, 37
Suppose -5*z - 5*y = -5250, 2*z = 7*z - 2*y - 5271. List the prime factors of z.
3, 13
Suppose -108 = -4*u + 4*x + 236, 5*x = -2*u + 158. Suppose -2*a - 5*a + u = 0. What are the prime factors of a?
2, 3
Suppose -3464 + 9614 = 6*j. List the prime factors of j.
5, 41
Suppose -1534 = -2*q - 2*k, 2299 = 3*q - 6*k + 10*k. List the prime factors of q.
769
Let t = 2428 + -1730. List the prime factors of t.
2, 349
Let v(k) = 2*k + 17. Let t be v(-6). Suppose 4*b - t*x = 120, -3*b - 3*x = -2*b - 47. What are the prime factors of b?
5, 7
Suppose 0 = -l + 15 - 53. Let p = 223 + l. What are the prime factors of p?
5, 37
Let t(y) = y**2 + 9*y + 16. Let a be t(-7). What are the prime factors of 4/a + (-312)/(-6)?
2, 3
Let d(c) = -2*c**3 - 29*c**2 - 13*c + 155. List the prime factors of d(-19).
3, 1217
Let m = -783 + 2245. What are the prime factors of m?
2, 17, 43
Let r = -6 + 13. Let v = -34 + r. Let p = 21 - v. List the prime factors of p.
2, 3
Let w(k) = -6*k + 4. Let r be w(-6). Suppose -s + 14 = 4*f, 4*s - 5*f - 37 = r. What are the prime factors of s?
2, 3
Let p(a) = 265*a**2 + 5*a + 3. Let d be 3 - (3 - (-3 + (2 - 0))). List the prime factors of p(d).
263
Let z(j) = -3*j + 4. Let g be z(-3). Let l(q) = -q**3 + 13*q**2 + 2*q + 20. List the prime factors of l(g).
2, 23
Let p = -67 + 635. List the prime factors of p.
2, 71
Suppose t = 5*p - 17, 5*p - 4*t - 8 = -0*p. Suppose -p*b + 104 = -76. What are the prime factors of b?
3, 5
Suppose 4*g - w - 5 = 2, 3*g - 2*w + 1 = 0. Suppose g*b - 160 - 38 = -3*x, b + 132 = 2*x. What are the prime factors of x?
2, 3, 11
Suppose -4*t + z = 2*z - 68, 4*t - 2*z - 68 = 0. Suppose -3*b + 470 = 5*r + 135, 2*r + b = 134. Suppose -2*j + t = -r. List the prime factors of j.
2, 3, 7
Suppose -4*j + 0*j = -3*w + 12, 8 = 2*w. Suppose j*p + 5*p + 165 = 0. Let a = 62 + p. List the prime factors of a.
29
Let m = -2450 - -3076. List the prime factors of m.
2, 313
Let f(o) = -2*o + 19. Let x be f(8). Suppose 64 = -3*v - x*p + 205, -4*v + 3*p = -202. List the prime factors of v.
7
What are the prime factors of -7*(-5421*(-8)/(-84) - -2)?
2, 3, 5
Suppose -2*x = x - 2*b - 14, -4*x + 30 = 3*b. Suppose 3*j + u - x*u - 28 = 0, 5*j - 5*u - 30 = 0. What are the prime factors of 18/(-6) - (-50 - j)?
2, 3
Let n be (4/(-10) - (-34)/10) + -240. Let c = -112 - n. What are the prime factors of c?
5
List the prime factors of 6 + -2 + -5 + 341.
2, 5, 17
Let b = -2820 - -4562. What are the prime factors of b?
2, 13, 67
Suppose -3*w - d + 58 = 0, 4*w - 62 = w + d. What are the prime factors of (-5)/w - (-418)/8?
2, 13
Let n = 44 - 42. Suppose -n*f - 132 = -s + 17, -2*f = -4*s + 566. List the prime factors of s.
139
Let r(y) = y**3 + 3*y**2 + 5. Let p be r(-3). Suppose 5*j - 1056 = -3*n, 3*j + 420 = p*j + 2*n. What are the prime factors of j?
3, 71
Let h be 2/3 - (-6)/18. What are the prime factors of 99 - (0 + -3 + 3)*h?
3, 11
Let a = -514 + 272. Let l = a + 356. List the prime factors of l.
2, 3, 19
Let l be 108/20 - (-2)/(-5). Suppose 0 = -3*g + g + 2*a + 132, 309 = l*g + 2*a. What are the prime factors of g?
3, 7
What are the prime factors of 3/(-18)*-2 + 3334/6?
2, 139
Suppose -13*k = 2*y - 8*k - 4484, 0 = 3*y + 5*k - 6726. What are the prime factors of y?
2, 19, 59
Suppose -48 = -3*a - a. Suppose -a*o + 35 = -11*o. List the prime factors of o.
5, 7
Suppose -3*o - 24 = -7*o. Let i = o - 23. Let c = i + 42. What are the prime factors of c?
5
Let m = -23 + 25. Let w be 19/m*(0 - 4). Let h = 60 + w. What are the prime factors of h?
2, 11
Let w(i) = -3*i**2 - 21*i - 2. Let k(z) = -z**2 - 7*z - 1. Let q(x) = -8*k(x) + 3*w(x). Let h be q(-5). Let c = h + 5. List the prime factors of c.
17
Let c = 10987 + -7022. List the prime factors of c.
5, 13, 61
Let z(s) = s**2 - s. Let a be z(2). Suppose 0 = n - a*n + 3*w + 37, 5*n + 2*w = 151. Suppose 0 = h - 2 - n. What are the prime factors of h?
3, 11
Let y = -151 - -327. Suppose -y = -3*z + 5*m, 0 = -3*z + 6*z + 3*m - 168. What are the prime factors of z?
3, 19
Let l(b) = b**3 + 2*b**2 + b - 1. Let r be l(-1). Let m be (6 - 1) + 2/r. Suppose m*t + 3*v = 4*v + 120, 0 = 4*t + v - 160. What are the prime factors of t?
2, 5
Let n(z) = -4*z**2 - 16*z + 1. Let a be n(-8). Let g = a + -9. Let y = -89 - g. List the prime factors of y.
47
Let g = 5828 + -605. What are the prime factors of g?
3, 1741
Let s be (-4)/((24/(-608))/(3/2)). What are the prime factors of (1/(-4))/((-2)/s)?
19
Let r(c) = 4*c**2 - 11*c + 28. What are the prime factors of r(13)?
3, 11, 17
Suppose 0 = -m + 2*q - 10 + 5, q - 30 = -5*m. Suppose 15 = m*f, -5*f + 918 = 4*c - 3*f. What are the prime factors of c?
2, 3, 19
Let z(n) = -4*n + 1. Suppose -u = g + 2*g + 12, g - 5*u = 12. List the prime factors of z(g).
13
Let r be (-45)/(-12) + 3/(-4). Suppose 6 = r*s - s. Suppose -2*b - 50 = -2*y - 7*b, s*b = 0. What are the prime factors of y?
5
What are the prime factors of 0 + 805 + 15/((-12)/4)?
2, 5
List the prime factors of ((-75)/(-100))/(9/56748).
4729
What are the prime factors of 6134/10 - (3 - 52/20)?
613
Suppose -j + 739 = -3*b - 2274, -12052 = -4*j - b. List the prime factors of j.
23, 131
Let v(j) = 138*j - 10. Let a be v(1). Suppose -a = -f - 47. What are the prime factors of f?
3
Suppose 2*r + f + 1602 = 0, -2*r = -2*f + 255 + 1341. What are the prime factors of r/(-60) - 1/3?
13
Let j(a) = -a + 21. Let b be j(0). Let h be ((-36)/(-7))/((-2)/b). Let c = h - -97. What are the prime factors of c?
43
Let r(t) = 8*t**2 + 14*t - 17. Let i(y) = y**2 + y - 1. Let a(g) = -4*i(g) + r(g). List the prime factors of a(6).
191
Let b = 2381 + -2221. What are the prime factors of b?
2, 5
Suppose -4*r - 3*a + 3876 = -392, 4268 = 4*r + 2*a. List the prime factors of r.
11, 97
What are the prime factors of (19/(-3) + 3)/(7/(-3801))?
2, 5, 181
Suppose -4*r + 1925 = 3*a, -5*a + 0*a - 25 = 0. Suppose 6*i = 145 + r. List the prime factors of i.
3, 5, 7
Let p be -9*(30/(-9) + 3). Suppose 5*v + p*d + 58 = 0, -4*d + 31 + 9 = -4*v. List the prime f